

{"id":5209,"date":"2023-07-24T16:54:55","date_gmt":"2023-07-24T16:54:55","guid":{"rendered":"http:\/\/aceapp.ar\/wordpress\/?page_id=5209"},"modified":"2024-10-29T14:57:19","modified_gmt":"2024-10-29T14:57:19","slug":"plataformas3","status":"publish","type":"page","link":"http:\/\/137.184.40.145\/wordpress\/plataformas3\/","title":{"rendered":"plataformas3"},"content":{"rendered":"<h2 style=\"text-align: center;\"><strong>Plataformas Inform\u00e1ticas<\/strong><\/h2>\n<p>&nbsp;<\/p>\n<div class=\"ctsc-column ctsc-col3\">\n<div class=\"box\">\n<div class=\"medio\">\n<a href=\"http:\/\/137.184.40.145\/wordpress\/vermas\/\" target=\"_blank\" rel=\"noopener\"><img loading=\"lazy\" decoding=\"async\" class=\"alignnone wp-image-34251 size-medium\" src=\"http:\/\/137.184.40.145\/wordpress\/wp-content\/uploads\/2023\/07\/VERTE-al-100_final_1-01-3.png\" alt=\"\" width=\"115\" height=\"110\" \/><\/a><\/p>\n<p style=\"padding-left: 10px\"><a href=\"http:\/\/137.184.40.145\/wordpress\/vermas\/\" target=\"_blank\" rel=\"noopener\">Verte al 100%<\/a><\/p>\n<\/div>\n\n<p style=\"color: white\">,<\/a><\/p>\n<\/div>\n<\/div>\n<\/div><div class=\"ctsc-column ctsc-col3\">\n<div class=\"box\">\n<div class=\"medio\">\n<a href=\"https:\/\/sistemas.ioma.gba.gov.ar\/Turnera\/\" target=\"_blank\" rel=\"noopener\"><img loading=\"lazy\" decoding=\"async\" class=\"alignnone wp-image-34251 size-medium\" src=\"http:\/\/137.184.40.145\/ioma\/turnosROJO.svg\" alt=\"\" width=\"120\" height=\"120\" \/><\/a><\/p>\n<p style=\"padding-left: 10px\"><a href=\"https:\/\/sistemas.ioma.gba.gov.ar\/Turnera\/\" target=\"_blank\" rel=\"noopener\">Agenda de turnos<\/a><\/p>\n<\/div>\n\n<p style=\"padding-left: 120px\"><a href=\"https:\/\/137.184.40.145\/tutorialesagenda.html\" target=\"_blank\" rel=\"noopener\"> VER TUTORIAL <\/a><\/p>\n<\/div>\n<\/div>\n<\/div><div class=\"ctsc-column ctsc-col3 ctsc-col-last\">\n<div class=\"box\">\n<div class=\"medio\">\n<a href=\"\" target=\"_blank\" rel=\"noopener\"><img loading=\"lazy\" decoding=\"async\" class=\"alignnone wp-image-34251 size-medium\" src=\"http:\/\/137.184.40.145\/ioma\/recetaROJO.svg\" alt=\"\" width=\"120\" height=\"120\" \/><\/a><\/p>\n<p style=\"padding-left: 0px\"><a href=\"\" target=\"_blank\" rel=\"noopener\">Historia cl\u00ednica digital<\/a><\/p>\n<\/div>\n\n<p style=\"color: white\">,<\/a><\/p>\n<\/div>\n<\/div><div class=\"col-divide\"><\/div><\/p>\n<div class=\"ctsc-column ctsc-col3\">\n<div class=\"box\">\n<div class=\"medio\">\n<a href=\"https:\/\/sistemas.ioma.gba.gov.ar\/PrestacionesDigitales\/User\/Login\" target=\"_blank\" rel=\"noopener\"><img loading=\"lazy\" decoding=\"async\" class=\"alignnone wp-image-34251 size-medium\" src=\"http:\/\/137.184.40.145\/ioma\/medicosROJO.svg\" alt=\"\" width=\"120\" height=\"120\" \/><\/a><\/p>\n<p style=\"padding-left:0px;width:200px\"><a href=\"https:\/\/sistemas.ioma.gba.gov.ar\/PrestacionesDigitales\/User\/Login\" target=\"_blank\" rel=\"noopener\">Prescripci\u00f3n Electr\u00f3nica Inteligente (Receta Electr\u00f3nica)<\/a><\/p>\n<\/div>\n<\/div>\n<\/div><div class=\"ctsc-column ctsc-col3\">\n<div class=\"box\">\n<div class=\"medio\">\n<a href=\"https:\/\/sistemas.ioma.gba.gov.ar\/FacturacionElectronica\/Users\/Login\" target=\"_blank\" rel=\"noopener\"><img loading=\"lazy\" decoding=\"async\" class=\"alignnone wp-image-34251 size-medium\" src=\"http:\/\/137.184.40.145\/wordpress\/wp-content\/uploads\/2023\/07\/facturacionROJO.png\" alt=\"\" width=\"120\" height=\"120\" \/><\/a><\/p>\n<p style=\"padding-left:-5px\"><a href=\"https:\/\/sistemas.ioma.gba.gov.ar\/FacturacionElectronica\/Users\/Login\" target=\"_blank\" rel=\"noopener\">Presentaci\u00f3n electr\u00f3nica de la facturaci\u00f3n<\/a><\/p>\n<\/div>\n<\/div>\n<\/div><div class=\"ctsc-column ctsc-col3 ctsc-col-last\">\n<div class=\"box\">\n<div class=\"medio\">\n<a href=\"http:\/\/sistemasl.ioma.gba.gov.ar\/sistemas\/bonos_descentralizado\/index.php\" target=\"_blank\" rel=\"noopener\"><img loading=\"lazy\" decoding=\"async\" class=\"alignnone wp-image-34251 size-medium\" src=\"http:\/\/137.184.40.145\/ioma\/herramientasROJO.svg\" alt=\"\" width=\"120\" height=\"120\" \/><\/a><\/p>\n<p style=\"padding-left: 5px\"><a href=\"http:\/\/sistemasl.ioma.gba.gov.ar\/sistemas\/bonos_descentralizado\/index.php\" target=\"_blank\" rel=\"noopener\"> <br \/> Expendio de Bonos<\/a><\/p>\n<\/div>\n<\/div>\n<\/div><div class=\"col-divide\"><\/div><\/p>\n<p>&nbsp;<\/p>\n<h2 style=\"text-align: center;\"><strong>Instructivos<\/strong><\/h2>\n<p>&nbsp;<\/p>\n<div class=\"ctsc-column ctsc-col5\">\n<div class=\"ctsc-accordion  ctsc-accordion-normal\" data-group=\"group1\"><h4 class=\"ctsc-accordion-title\"> Agenda de turnos<\/h4><div class=\"ctsc-accordion-content\">\n<ul>\n<li><strong><a href=\"https:\/\/137.184.40.145\/tutorialesagenda.html\" rel=\"noopener\">Turnos<\/a><\/strong><\/li>\n<\/ul>\n<\/div><\/div>\n<\/div><div class=\"ctsc-column ctsc-col5\">\n<div class=\"ctsc-accordion  ctsc-accordion-normal\" data-group=\"group1\"><h4 class=\"ctsc-accordion-title\">Historia cl\u00ednica digital<\/h4><div class=\"ctsc-accordion-content\">\n<ul>\n<li><strong><a href=\"http:\/\/137.184.40.145\/wordpress\/wp-content\/uploads\/2023\/06\/Historia-Clinica-ACEAPP-rojo.pdf\" target=\"_blank\" rel=\"noopener\"> Historia cl\u00ednica<\/a><\/strong><\/li>\n<\/ul>\n<\/div><\/div>\n<\/div><div class=\"ctsc-column ctsc-col5\">\n<div class=\"ctsc-accordion  ctsc-accordion-normal\" data-group=\"group1\"><h4 class=\"ctsc-accordion-title\">Receta Electr\u00f3nica<\/h4><div class=\"ctsc-accordion-content\">\n<ul>\n<li><strong><a href=\"http:\/\/137.184.40.145\/wordpress\/wp-content\/uploads\/2023\/06\/Implementacion-prescripcion-electronica-ACEAPP-ROJO.pdf\" target=\"_blank\" rel=\"noopener\"> Instructivo Prescripci\u00f3n Electr\u00f3nica (desde Bonos)<\/a><\/strong><\/li>\n<li><strong><a href=\"http:\/\/137.184.40.145\/wordpress\/wp-content\/uploads\/2023\/06\/Implementacion-general-prescripcion-electronica-ACEAPP-ROJO.pdf\" target=\"_blank\" rel=\"noopener\"> Instructivo Prescripci\u00f3n Electr\u00f3nica (desde Recetas)<\/a><\/strong><\/li>\n<\/ul>\n<\/div><\/div><\/p>\n<\/div><div class=\"ctsc-column ctsc-col5\">\n<div class=\"ctsc-accordion  ctsc-accordion-normal\" data-group=\"group1\"><h4 class=\"ctsc-accordion-title\">Facturaci\u00f3n<\/h4><div class=\"ctsc-accordion-content\">\n<ul>\n<li><strong><a href=\"http:\/\/137.184.40.145\/wordpress\/wp-content\/uploads\/2023\/06\/Carga-de-Factura-ACEAPP-ROJO.pdf\" target=\"_blank\" rel=\"noopener\"> Carga de factura<\/a><\/strong><\/li>\n<li><strong><a href=\"http:\/\/137.184.40.145\/wordpress\/wp-content\/uploads\/2023\/06\/Facturacion-por-Ajuste-ACEAPP-ROJO.pdf\" target=\"_blank\" rel=\"noopener\"> Facturaci\u00f3n por ajustes<\/a><\/strong><\/li>\n<li><strong><a href=\"http:\/\/137.184.40.145\/wordpress\/wp-content\/uploads\/2023\/06\/Reempadronamiento-Aceapp-ROJO.pdf\" target=\"_blank\" rel=\"noopener\"> Reempadronamiento<\/a><\/strong><\/li>\n<\/ul>\n<\/div><\/div><\/p>\n<\/div><div class=\"ctsc-column ctsc-col5 ctsc-col-last\">\n<\/div><div class=\"col-divide\"><\/div><\/p>\n","protected":false},"excerpt":{"rendered":"<p>Plataformas Inform\u00e1ticas &nbsp; &nbsp; Instructivos &nbsp;<\/p>\n","protected":false},"author":2,"featured_media":0,"parent":0,"menu_order":0,"comment_status":"closed","ping_status":"closed","template":"","meta":{"footnotes":""},"class_list":["post-5209","page","type-page","status-publish","hentry"],"_links":{"self":[{"href":"http:\/\/137.184.40.145\/wordpress\/wp-json\/wp\/v2\/pages\/5209","targetHints":{"allow":["GET"]}}],"collection":[{"href":"http:\/\/137.184.40.145\/wordpress\/wp-json\/wp\/v2\/pages"}],"about":[{"href":"http:\/\/137.184.40.145\/wordpress\/wp-json\/wp\/v2\/types\/page"}],"author":[{"embeddable":true,"href":"http:\/\/137.184.40.145\/wordpress\/wp-json\/wp\/v2\/users\/2"}],"replies":[{"embeddable":true,"href":"http:\/\/137.184.40.145\/wordpress\/wp-json\/wp\/v2\/comments?post=5209"}],"version-history":[{"count":37,"href":"http:\/\/137.184.40.145\/wordpress\/wp-json\/wp\/v2\/pages\/5209\/revisions"}],"predecessor-version":[{"id":6069,"href":"http:\/\/137.184.40.145\/wordpress\/wp-json\/wp\/v2\/pages\/5209\/revisions\/6069"}],"wp:attachment":[{"href":"http:\/\/137.184.40.145\/wordpress\/wp-json\/wp\/v2\/media?parent=5209"}],"curies":[{"name":"wp","href":"https:\/\/api.w.org\/{rel}","templated":true}]}}